{"id":128,"date":"2018-09-17T22:16:30","date_gmt":"2018-09-17T20:16:30","guid":{"rendered":"http:\/\/beta.osc-luenen.net\/?page_id=128"},"modified":"2018-09-18T00:36:04","modified_gmt":"2018-09-17T22:36:04","slug":"mirco-2","status":"publish","type":"page","link":"https:\/\/osc-luenen.net\/?page_id=128","title":{"rendered":"mirco"},"content":{"rendered":"<p><img loading=\"lazy\" decoding=\"async\" class=\"ngg-singlepic ngg-none\" src=\"http:\/\/www.osc-luenen.net\/wp-content\/gallery\/mirco-b\/iphone_20120370043421.jpg\" alt=\"iphone_20120370043421\" width=\"387\" height=\"258\"><\/p>\n<p><strong><span style=\"text-decoration: underline;\">Daten des Fahrzeuges:<\/span><\/strong><\/p>\n<table style=\"width: 100%;\" border=\"1\" cellspacing=\"0\" cellpadding=\"0\">\n<tbody>\n<tr>\n<td valign=\"top\" width=\"50%\"><strong>Fahrzeugtyp\/Modell:<\/strong><\/td>\n<td valign=\"top\" width=\"50%\">Calibra A Turbo 4&#215;4<\/td>\n<\/tr>\n<tr>\n<td valign=\"top\" width=\"50%\"><strong>Baujahr:<\/strong><\/td>\n<td valign=\"top\" width=\"50%\">1993<\/td>\n<\/tr>\n<tr>\n<td valign=\"top\" width=\"50%\"><strong>Farbe\/Lackierung:<\/strong><\/td>\n<td valign=\"top\" width=\"50%\">Nova Schwarz<\/td>\n<\/tr>\n<tr>\n<td valign=\"top\" width=\"50%\"><strong>Karosserie:<\/strong><\/td>\n<td valign=\"top\" width=\"50%\">Serie<\/td>\n<\/tr>\n<tr>\n<td valign=\"top\" width=\"50%\"><strong>Motor:<\/strong><\/td>\n<td valign=\"top\" width=\"50%\">C20Let<\/td>\n<\/tr>\n<tr>\n<td valign=\"top\" width=\"50%\"><strong>Leistung (kw\/PS):<\/strong><\/td>\n<td valign=\"top\" width=\"50%\">150\/ 204<\/td>\n<\/tr>\n<tr>\n<td valign=\"top\" width=\"50%\"><strong>Auspuffanlage:<\/strong><\/td>\n<td valign=\"top\" width=\"50%\">200 Zeller, Remus<\/td>\n<\/tr>\n<tr>\n<td valign=\"top\" width=\"50%\"><strong>Fahrwerk:<\/strong><\/td>\n<td valign=\"top\" width=\"50%\">Bilstein B6 D\u00e4mpfer und 30mm H&amp;R Federn<\/td>\n<\/tr>\n<tr>\n<td valign=\"top\" width=\"50%\"><strong>Felgen:<\/strong><\/td>\n<td valign=\"top\" width=\"50%\">R&amp;H 18\u201c<\/td>\n<\/tr>\n<tr>\n<td valign=\"top\" width=\"50%\"><strong>Bereifung:<\/strong><\/td>\n<td valign=\"top\" width=\"50%\">4x 225\/50<\/td>\n<\/tr>\n<tr>\n<td valign=\"top\" width=\"50%\"><strong>Innenraum:<\/strong><\/td>\n<td valign=\"top\" width=\"50%\">Leder\/ Teillackiert, LED- Beleuchtung Blau, Zusatzinstromente \u00d6l- Druck\/ Temperatur und Ladedruck, Schalthebel eingek\u00fcrtzt<\/td>\n<\/tr>\n<tr>\n<td valign=\"top\" width=\"50%\"><strong>Sonstiges Zubeh\u00f6r:<\/strong><\/td>\n<td valign=\"top\" width=\"50%\">CarPc, LSD \u2013 Fl\u00fcgelt\u00fcren, Gro\u00dfer Ladeluftk\u00fchler, EDS- Tuning, 30iger Raid Sport Lenker, Bonrath Einarmwischer, Samco Schl\u00e4uche, Bailey DV 26,<\/td>\n<\/tr>\n<\/tbody>\n<\/table>\n<p>&nbsp;<\/p>\nngg_shortcode_0_placeholder\n<h3>Related Images:<\/h3>","protected":false},"excerpt":{"rendered":"<p>Daten des Fahrzeuges: Fahrzeugtyp\/Modell: Calibra A Turbo 4&#215;4 Baujahr: 1993 Farbe\/Lackierung: Nova Schwarz Karosserie: Serie Motor: C20Let Leistung (kw\/PS): 150\/ 204 Auspuffanlage: 200 Zeller, Remus Fahrwerk: Bilstein B6 D\u00e4mpfer und 30mm H&amp;R Federn Felgen: R&amp;H 18\u201c Bereifung: 4x 225\/50 Innenraum: Leder\/ Teillackiert, LED- Beleuchtung Blau, Zusatzinstromente \u00d6l- Druck\/ Temperatur und Ladedruck, Schalthebel eingek\u00fcrtzt Sonstiges Zubeh\u00f6r: &hellip; <\/p>\n<p class=\"link-more\"><a href=\"https:\/\/osc-luenen.net\/?page_id=128\" class=\"more-link\"><span class=\"screen-reader-text\">\u201emirco\u201c <\/span>weiterlesen<\/a><\/p>\n","protected":false},"author":1,"featured_media":0,"parent":0,"menu_order":0,"comment_status":"closed","ping_status":"closed","template":"","meta":{"ngg_post_thumbnail":0,"footnotes":""},"class_list":["post-128","page","type-page","status-publish","hentry"],"yoast_head":"<!-- This site is optimized with the Yoast SEO plugin v20.12 - https:\/\/yoast.com\/wordpress\/plugins\/seo\/ -->\n<title>mirco - OSC- luenen<\/title>\n<meta name=\"robots\" content=\"index, follow, max-snippet:-1, max-image-preview:large, max-video-preview:-1\" \/>\n<link rel=\"canonical\" href=\"https:\/\/osc-luenen.net\/?page_id=128\" \/>\n<meta property=\"og:locale\" content=\"de_DE\" \/>\n<meta property=\"og:type\" content=\"article\" \/>\n<meta property=\"og:title\" content=\"mirco - OSC- luenen\" \/>\n<meta property=\"og:description\" content=\"Daten des Fahrzeuges: Fahrzeugtyp\/Modell: Calibra A Turbo 4&#215;4 Baujahr: 1993 Farbe\/Lackierung: Nova Schwarz Karosserie: Serie Motor: C20Let Leistung (kw\/PS): 150\/ 204 Auspuffanlage: 200 Zeller, Remus Fahrwerk: Bilstein B6 D\u00e4mpfer und 30mm H&amp;R Federn Felgen: R&amp;H 18\u201c Bereifung: 4x 225\/50 Innenraum: Leder\/ Teillackiert, LED- Beleuchtung Blau, Zusatzinstromente \u00d6l- Druck\/ Temperatur und Ladedruck, Schalthebel eingek\u00fcrtzt Sonstiges Zubeh\u00f6r: &hellip; \u201emirco\u201c weiterlesen\" \/>\n<meta property=\"og:url\" content=\"https:\/\/osc-luenen.net\/?page_id=128\" \/>\n<meta property=\"og:site_name\" content=\"OSC- luenen\" \/>\n<meta property=\"article:modified_time\" content=\"2018-09-17T22:36:04+00:00\" \/>\n<meta property=\"og:image\" content=\"http:\/\/www.osc-luenen.net\/wp-content\/gallery\/mirco-b\/iphone_20120370043421.jpg\" \/>\n<meta name=\"twitter:card\" content=\"summary_large_image\" \/>\n<script type=\"application\/ld+json\" class=\"yoast-schema-graph\">{\"@context\":\"https:\/\/schema.org\",\"@graph\":[{\"@type\":\"WebPage\",\"@id\":\"https:\/\/osc-luenen.net\/?page_id=128\",\"url\":\"https:\/\/osc-luenen.net\/?page_id=128\",\"name\":\"mirco - OSC- luenen\",\"isPartOf\":{\"@id\":\"https:\/\/osc-luenen.net\/#website\"},\"datePublished\":\"2018-09-17T20:16:30+00:00\",\"dateModified\":\"2018-09-17T22:36:04+00:00\",\"breadcrumb\":{\"@id\":\"https:\/\/osc-luenen.net\/?page_id=128#breadcrumb\"},\"inLanguage\":\"de\",\"potentialAction\":[{\"@type\":\"ReadAction\",\"target\":[\"https:\/\/osc-luenen.net\/?page_id=128\"]}]},{\"@type\":\"BreadcrumbList\",\"@id\":\"https:\/\/osc-luenen.net\/?page_id=128#breadcrumb\",\"itemListElement\":[{\"@type\":\"ListItem\",\"position\":1,\"name\":\"Startseite\",\"item\":\"https:\/\/osc-luenen.net\/\"},{\"@type\":\"ListItem\",\"position\":2,\"name\":\"mirco\"}]},{\"@type\":\"WebSite\",\"@id\":\"https:\/\/osc-luenen.net\/#website\",\"url\":\"https:\/\/osc-luenen.net\/\",\"name\":\"OSC- luenen\",\"description\":\"Opel- Sport- Club L\u00fcnen e. V.\",\"publisher\":{\"@id\":\"https:\/\/osc-luenen.net\/#organization\"},\"potentialAction\":[{\"@type\":\"SearchAction\",\"target\":{\"@type\":\"EntryPoint\",\"urlTemplate\":\"https:\/\/osc-luenen.net\/?s={search_term_string}\"},\"query-input\":\"required name=search_term_string\"}],\"inLanguage\":\"de\"},{\"@type\":\"Organization\",\"@id\":\"https:\/\/osc-luenen.net\/#organization\",\"name\":\"OSC- luenen\",\"url\":\"https:\/\/osc-luenen.net\/\",\"logo\":{\"@type\":\"ImageObject\",\"inLanguage\":\"de\",\"@id\":\"https:\/\/osc-luenen.net\/#\/schema\/logo\/image\/\",\"url\":\"https:\/\/osc-luenen.net\/wp-content\/uploads\/2019\/01\/cropped-kolben.png\",\"contentUrl\":\"https:\/\/osc-luenen.net\/wp-content\/uploads\/2019\/01\/cropped-kolben.png\",\"width\":148,\"height\":250,\"caption\":\"OSC- luenen\"},\"image\":{\"@id\":\"https:\/\/osc-luenen.net\/#\/schema\/logo\/image\/\"}}]}<\/script>\n<!-- \/ Yoast SEO plugin. -->","yoast_head_json":{"title":"mirco - OSC- luenen","robots":{"index":"index","follow":"follow","max-snippet":"max-snippet:-1","max-image-preview":"max-image-preview:large","max-video-preview":"max-video-preview:-1"},"canonical":"https:\/\/osc-luenen.net\/?page_id=128","og_locale":"de_DE","og_type":"article","og_title":"mirco - OSC- luenen","og_description":"Daten des Fahrzeuges: Fahrzeugtyp\/Modell: Calibra A Turbo 4&#215;4 Baujahr: 1993 Farbe\/Lackierung: Nova Schwarz Karosserie: Serie Motor: C20Let Leistung (kw\/PS): 150\/ 204 Auspuffanlage: 200 Zeller, Remus Fahrwerk: Bilstein B6 D\u00e4mpfer und 30mm H&amp;R Federn Felgen: R&amp;H 18\u201c Bereifung: 4x 225\/50 Innenraum: Leder\/ Teillackiert, LED- Beleuchtung Blau, Zusatzinstromente \u00d6l- Druck\/ Temperatur und Ladedruck, Schalthebel eingek\u00fcrtzt Sonstiges Zubeh\u00f6r: &hellip; \u201emirco\u201c weiterlesen","og_url":"https:\/\/osc-luenen.net\/?page_id=128","og_site_name":"OSC- luenen","article_modified_time":"2018-09-17T22:36:04+00:00","og_image":[{"url":"http:\/\/www.osc-luenen.net\/wp-content\/gallery\/mirco-b\/iphone_20120370043421.jpg"}],"twitter_card":"summary_large_image","schema":{"@context":"https:\/\/schema.org","@graph":[{"@type":"WebPage","@id":"https:\/\/osc-luenen.net\/?page_id=128","url":"https:\/\/osc-luenen.net\/?page_id=128","name":"mirco - OSC- luenen","isPartOf":{"@id":"https:\/\/osc-luenen.net\/#website"},"datePublished":"2018-09-17T20:16:30+00:00","dateModified":"2018-09-17T22:36:04+00:00","breadcrumb":{"@id":"https:\/\/osc-luenen.net\/?page_id=128#breadcrumb"},"inLanguage":"de","potentialAction":[{"@type":"ReadAction","target":["https:\/\/osc-luenen.net\/?page_id=128"]}]},{"@type":"BreadcrumbList","@id":"https:\/\/osc-luenen.net\/?page_id=128#breadcrumb","itemListElement":[{"@type":"ListItem","position":1,"name":"Startseite","item":"https:\/\/osc-luenen.net\/"},{"@type":"ListItem","position":2,"name":"mirco"}]},{"@type":"WebSite","@id":"https:\/\/osc-luenen.net\/#website","url":"https:\/\/osc-luenen.net\/","name":"OSC- luenen","description":"Opel- Sport- Club L\u00fcnen e. V.","publisher":{"@id":"https:\/\/osc-luenen.net\/#organization"},"potentialAction":[{"@type":"SearchAction","target":{"@type":"EntryPoint","urlTemplate":"https:\/\/osc-luenen.net\/?s={search_term_string}"},"query-input":"required name=search_term_string"}],"inLanguage":"de"},{"@type":"Organization","@id":"https:\/\/osc-luenen.net\/#organization","name":"OSC- luenen","url":"https:\/\/osc-luenen.net\/","logo":{"@type":"ImageObject","inLanguage":"de","@id":"https:\/\/osc-luenen.net\/#\/schema\/logo\/image\/","url":"https:\/\/osc-luenen.net\/wp-content\/uploads\/2019\/01\/cropped-kolben.png","contentUrl":"https:\/\/osc-luenen.net\/wp-content\/uploads\/2019\/01\/cropped-kolben.png","width":148,"height":250,"caption":"OSC- luenen"},"image":{"@id":"https:\/\/osc-luenen.net\/#\/schema\/logo\/image\/"}}]}},"_links":{"self":[{"href":"https:\/\/osc-luenen.net\/index.php?rest_route=\/wp\/v2\/pages\/128","targetHints":{"allow":["GET"]}}],"collection":[{"href":"https:\/\/osc-luenen.net\/index.php?rest_route=\/wp\/v2\/pages"}],"about":[{"href":"https:\/\/osc-luenen.net\/index.php?rest_route=\/wp\/v2\/types\/page"}],"author":[{"embeddable":true,"href":"https:\/\/osc-luenen.net\/index.php?rest_route=\/wp\/v2\/users\/1"}],"replies":[{"embeddable":true,"href":"https:\/\/osc-luenen.net\/index.php?rest_route=%2Fwp%2Fv2%2Fcomments&post=128"}],"version-history":[{"count":2,"href":"https:\/\/osc-luenen.net\/index.php?rest_route=\/wp\/v2\/pages\/128\/revisions"}],"predecessor-version":[{"id":534,"href":"https:\/\/osc-luenen.net\/index.php?rest_route=\/wp\/v2\/pages\/128\/revisions\/534"}],"wp:attachment":[{"href":"https:\/\/osc-luenen.net\/index.php?rest_route=%2Fwp%2Fv2%2Fmedia&parent=128"}],"curies":[{"name":"wp","href":"https:\/\/api.w.org\/{rel}","templated":true}]}}