{"id":121,"date":"2018-09-17T22:09:53","date_gmt":"2018-09-17T20:09:53","guid":{"rendered":"http:\/\/beta.osc-luenen.net\/?page_id=121"},"modified":"2018-10-10T20:34:05","modified_gmt":"2018-10-10T18:34:05","slug":"matthias","status":"publish","type":"page","link":"https:\/\/osc-luenen.net\/?page_id=121","title":{"rendered":"matthias"},"content":{"rendered":"<p>&nbsp;<\/p>\n<p><img decoding=\"async\" class=\"ngg-singlepic ngg-none\" src=\"http:\/\/osc-luenen.net\/wp-content\/gallery\/matthias_1\/uamk.jpeg\" alt=\"uamk\"><\/p>\n<p><strong><span style=\"text-decoration: underline;\">Daten des Fahrzeuges:<\/span><\/strong><\/p>\n<table border=\"0\" cellspacing=\"0\" cellpadding=\"0\">\n<tbody>\n<tr>\n<td valign=\"top\" width=\"387\"><strong>Fahrzeugtyp\/Modell:<\/strong><\/td>\n<td valign=\"top\" width=\"388\">Corsa B Caravan<\/td>\n<\/tr>\n<tr>\n<td valign=\"top\" width=\"387\"><strong>Baujahr:<\/strong><\/td>\n<td valign=\"top\" width=\"388\">1999<\/td>\n<\/tr>\n<tr>\n<td valign=\"top\" width=\"387\"><strong>Farbe\/Lackierung:<\/strong><\/td>\n<td valign=\"top\" width=\"388\">Gr\u00fcn metallic<\/td>\n<\/tr>\n<tr>\n<td valign=\"top\" width=\"387\"><strong>Karosserie:<\/strong><\/td>\n<td valign=\"top\" width=\"388\">Serie<\/td>\n<\/tr>\n<tr>\n<td valign=\"top\" width=\"387\"><strong>Motor:<\/strong><\/td>\n<td valign=\"top\" width=\"388\">X14XE<\/td>\n<\/tr>\n<tr>\n<td valign=\"top\" width=\"387\"><strong>Leistung (kw\/PS):<\/strong><\/td>\n<td valign=\"top\" width=\"388\">66\/90<\/td>\n<\/tr>\n<tr>\n<td valign=\"top\" width=\"387\"><strong>Auspuffanlage:<\/strong><\/td>\n<td valign=\"top\" width=\"388\">Serie<\/td>\n<\/tr>\n<tr>\n<td valign=\"top\" width=\"387\"><strong>Fahrwerk:<\/strong><\/td>\n<td valign=\"top\" width=\"388\">Weitec Federn VA 30mmHA Serie<\/td>\n<\/tr>\n<tr>\n<td valign=\"top\" width=\"387\"><strong>Felgen:<\/strong><\/td>\n<td valign=\"top\" width=\"388\">BBS Formula 7,5J x 15<\/td>\n<\/tr>\n<tr>\n<td valign=\"top\" width=\"387\"><strong>Bereifung:<\/strong><\/td>\n<td valign=\"top\" width=\"388\">4x 195\/45R15 Roadstone<\/td>\n<\/tr>\n<tr>\n<td valign=\"top\" width=\"387\"><strong>Innenraum:<\/strong><\/td>\n<td valign=\"top\" width=\"388\">Leder(schwarz\/beige), Kunstoffteile in Carbon Look, Schalthebel eingek\u00fcrzt, Lederschaltknauf mit blau beleuchtetem Schaltschema, Sony MDX 4 x 50 W, Raid Silberpfeil Airbag Lenkrad<\/td>\n<\/tr>\n<tr>\n<td valign=\"top\" width=\"387\"><strong>Sonstiges Zubeh\u00f6r:<\/strong><\/td>\n<td valign=\"top\" width=\"388\">Selbstleuchtendes Nummernschild von 3M, Klarglasscheinwerfer, GSI Front (Serie),Motorabdeckung (Carbon Look),<\/td>\n<\/tr>\n<\/tbody>\n<\/table>\nngg_shortcode_0_placeholder\n<p><span style=\"color: #000000;\"><span style=\"font-family: Arial Standard,sans-serif;\"><span style=\"font-size: medium;\"><strong>Der richtige Name des knapp \u00fcber vier Meter langen Opel <\/strong><\/span><\/span><\/span><span style=\"color: #000000;\"><span style=\"font-family: Arial Standard,sans-serif;\"><span style=\"font-size: medium;\"><strong>Corsa<\/strong><\/span><\/span><\/span><span style=\"color: #000000;\"><span style=\"font-family: Arial Standard,sans-serif;\"><span style=\"font-size: medium;\"><strong> B Caravan lautet <\/strong><\/span><\/span><\/span><span style=\"color: #000000;\"><span style=\"font-family: Arial Standard,sans-serif;\"><span style=\"font-size: medium;\"><strong>Chevrolet Corsa Station Wagon<\/strong><\/span><\/span><\/span><span style=\"color: #000000;\"><span style=\"font-family: Arial Standard,sans-serif;\"><span style=\"font-size: medium;\"><strong>. Er wurde von 1997 bis 2001 in Argentinien (Rosario) gebaut. Urspr\u00fcnglich ist er aber ein deutsches Produkt. Er ist das Ergebnis einer Gesellenpr\u00fcfung im Opel Werk<\/strong><\/span><\/span><\/span><span style=\"color: #000000;\"><span style=\"font-family: Arial Standard,sans-serif;\"><span style=\"font-size: medium;\"><strong> R\u00fcsselsheim<\/strong><\/span><\/span><\/span><span style=\"color: #0000ff;\"><span style=\"color: #000000;\"><span style=\"font-family: Arial Standard,sans-serif;\"><span style=\"font-size: medium;\"><strong>. Opel sah aber auf dem europ\u00e4ischen Markt keine Absatzchancen f\u00fcr dieses Modell. Deswegen verschwand dieses Projekt f\u00fcr einige Jahre in der Schublade. Sp\u00e4ter wurde er dann in S\u00fcdamerika gebaut und verkauft. Der Caravan war in Indien als <\/strong><\/span><\/span><\/span><\/span><span style=\"color: #000000;\"><span style=\"font-family: Arial Standard,sans-serif;\"><span style=\"font-size: medium;\"><strong>Opel Corsa Swing<\/strong><\/span><\/span><\/span><span style=\"color: #000000;\"><span style=\"font-family: Arial Standard,sans-serif;\"><span style=\"font-size: medium;\"><strong> und in Uruguay<\/strong><\/span><\/span><\/span><span style=\"color: #000000;\"><span style=\"font-family: Arial Standard,sans-serif;\"><span style=\"font-size: medium;\"><strong> unter dem Namen <\/strong><\/span><\/span><\/span><span style=\"color: #000000;\"><span style=\"font-family: Arial Standard,sans-serif;\"><span style=\"font-size: medium;\"><strong>Chevrolet Corsa Classic Wagon<\/strong><\/span><\/span><\/span><span style=\"color: #000000;\"><span style=\"font-family: Arial Standard,sans-serif;\"><span style=\"font-size: medium;\"><strong> erh\u00e4ltlich.<\/strong><\/span><\/span><\/span><\/p>\n<h3>Related Images:<\/h3>","protected":false},"excerpt":{"rendered":"<p>&nbsp; Daten des Fahrzeuges: Fahrzeugtyp\/Modell: Corsa B Caravan Baujahr: 1999 Farbe\/Lackierung: Gr\u00fcn metallic Karosserie: Serie Motor: X14XE Leistung (kw\/PS): 66\/90 Auspuffanlage: Serie Fahrwerk: Weitec Federn VA 30mmHA Serie Felgen: BBS Formula 7,5J x 15 Bereifung: 4x 195\/45R15 Roadstone Innenraum: Leder(schwarz\/beige), Kunstoffteile in Carbon Look, Schalthebel eingek\u00fcrzt, Lederschaltknauf mit blau beleuchtetem Schaltschema, Sony MDX 4 x &hellip; <\/p>\n<p class=\"link-more\"><a href=\"https:\/\/osc-luenen.net\/?page_id=121\" class=\"more-link\"><span class=\"screen-reader-text\">\u201ematthias\u201c <\/span>weiterlesen<\/a><\/p>\n","protected":false},"author":1,"featured_media":0,"parent":0,"menu_order":0,"comment_status":"closed","ping_status":"closed","template":"","meta":{"ngg_post_thumbnail":0,"footnotes":""},"class_list":["post-121","page","type-page","status-publish","hentry"],"yoast_head":"<!-- This site is optimized with the Yoast SEO plugin v20.12 - https:\/\/yoast.com\/wordpress\/plugins\/seo\/ -->\n<title>matthias - OSC- luenen<\/title>\n<meta name=\"robots\" content=\"index, follow, max-snippet:-1, max-image-preview:large, max-video-preview:-1\" \/>\n<link rel=\"canonical\" href=\"https:\/\/osc-luenen.net\/?page_id=121\" \/>\n<meta property=\"og:locale\" content=\"de_DE\" \/>\n<meta property=\"og:type\" content=\"article\" \/>\n<meta property=\"og:title\" content=\"matthias - OSC- luenen\" \/>\n<meta property=\"og:description\" content=\"&nbsp; Daten des Fahrzeuges: Fahrzeugtyp\/Modell: Corsa B Caravan Baujahr: 1999 Farbe\/Lackierung: Gr\u00fcn metallic Karosserie: Serie Motor: X14XE Leistung (kw\/PS): 66\/90 Auspuffanlage: Serie Fahrwerk: Weitec Federn VA 30mmHA Serie Felgen: BBS Formula 7,5J x 15 Bereifung: 4x 195\/45R15 Roadstone Innenraum: Leder(schwarz\/beige), Kunstoffteile in Carbon Look, Schalthebel eingek\u00fcrzt, Lederschaltknauf mit blau beleuchtetem Schaltschema, Sony MDX 4 x &hellip; \u201ematthias\u201c weiterlesen\" \/>\n<meta property=\"og:url\" content=\"https:\/\/osc-luenen.net\/?page_id=121\" \/>\n<meta property=\"og:site_name\" content=\"OSC- luenen\" \/>\n<meta property=\"article:modified_time\" content=\"2018-10-10T18:34:05+00:00\" \/>\n<meta property=\"og:image\" content=\"http:\/\/osc-luenen.net\/wp-content\/gallery\/matthias_1\/uamk.jpeg\" \/>\n<meta name=\"twitter:card\" content=\"summary_large_image\" \/>\n<meta name=\"twitter:label1\" content=\"Gesch\u00e4tzte Lesezeit\" \/>\n\t<meta name=\"twitter:data1\" content=\"1\u00a0Minute\" \/>\n<script type=\"application\/ld+json\" class=\"yoast-schema-graph\">{\"@context\":\"https:\/\/schema.org\",\"@graph\":[{\"@type\":\"WebPage\",\"@id\":\"https:\/\/osc-luenen.net\/?page_id=121\",\"url\":\"https:\/\/osc-luenen.net\/?page_id=121\",\"name\":\"matthias - OSC- luenen\",\"isPartOf\":{\"@id\":\"https:\/\/osc-luenen.net\/#website\"},\"datePublished\":\"2018-09-17T20:09:53+00:00\",\"dateModified\":\"2018-10-10T18:34:05+00:00\",\"breadcrumb\":{\"@id\":\"https:\/\/osc-luenen.net\/?page_id=121#breadcrumb\"},\"inLanguage\":\"de\",\"potentialAction\":[{\"@type\":\"ReadAction\",\"target\":[\"https:\/\/osc-luenen.net\/?page_id=121\"]}]},{\"@type\":\"BreadcrumbList\",\"@id\":\"https:\/\/osc-luenen.net\/?page_id=121#breadcrumb\",\"itemListElement\":[{\"@type\":\"ListItem\",\"position\":1,\"name\":\"Startseite\",\"item\":\"https:\/\/osc-luenen.net\/\"},{\"@type\":\"ListItem\",\"position\":2,\"name\":\"matthias\"}]},{\"@type\":\"WebSite\",\"@id\":\"https:\/\/osc-luenen.net\/#website\",\"url\":\"https:\/\/osc-luenen.net\/\",\"name\":\"OSC- luenen\",\"description\":\"Opel- Sport- Club L\u00fcnen e. V.\",\"publisher\":{\"@id\":\"https:\/\/osc-luenen.net\/#organization\"},\"potentialAction\":[{\"@type\":\"SearchAction\",\"target\":{\"@type\":\"EntryPoint\",\"urlTemplate\":\"https:\/\/osc-luenen.net\/?s={search_term_string}\"},\"query-input\":\"required name=search_term_string\"}],\"inLanguage\":\"de\"},{\"@type\":\"Organization\",\"@id\":\"https:\/\/osc-luenen.net\/#organization\",\"name\":\"OSC- luenen\",\"url\":\"https:\/\/osc-luenen.net\/\",\"logo\":{\"@type\":\"ImageObject\",\"inLanguage\":\"de\",\"@id\":\"https:\/\/osc-luenen.net\/#\/schema\/logo\/image\/\",\"url\":\"https:\/\/osc-luenen.net\/wp-content\/uploads\/2019\/01\/cropped-kolben.png\",\"contentUrl\":\"https:\/\/osc-luenen.net\/wp-content\/uploads\/2019\/01\/cropped-kolben.png\",\"width\":148,\"height\":250,\"caption\":\"OSC- luenen\"},\"image\":{\"@id\":\"https:\/\/osc-luenen.net\/#\/schema\/logo\/image\/\"}}]}<\/script>\n<!-- \/ Yoast SEO plugin. -->","yoast_head_json":{"title":"matthias - OSC- luenen","robots":{"index":"index","follow":"follow","max-snippet":"max-snippet:-1","max-image-preview":"max-image-preview:large","max-video-preview":"max-video-preview:-1"},"canonical":"https:\/\/osc-luenen.net\/?page_id=121","og_locale":"de_DE","og_type":"article","og_title":"matthias - OSC- luenen","og_description":"&nbsp; Daten des Fahrzeuges: Fahrzeugtyp\/Modell: Corsa B Caravan Baujahr: 1999 Farbe\/Lackierung: Gr\u00fcn metallic Karosserie: Serie Motor: X14XE Leistung (kw\/PS): 66\/90 Auspuffanlage: Serie Fahrwerk: Weitec Federn VA 30mmHA Serie Felgen: BBS Formula 7,5J x 15 Bereifung: 4x 195\/45R15 Roadstone Innenraum: Leder(schwarz\/beige), Kunstoffteile in Carbon Look, Schalthebel eingek\u00fcrzt, Lederschaltknauf mit blau beleuchtetem Schaltschema, Sony MDX 4 x &hellip; \u201ematthias\u201c weiterlesen","og_url":"https:\/\/osc-luenen.net\/?page_id=121","og_site_name":"OSC- luenen","article_modified_time":"2018-10-10T18:34:05+00:00","og_image":[{"url":"http:\/\/osc-luenen.net\/wp-content\/gallery\/matthias_1\/uamk.jpeg"}],"twitter_card":"summary_large_image","twitter_misc":{"Gesch\u00e4tzte Lesezeit":"1\u00a0Minute"},"schema":{"@context":"https:\/\/schema.org","@graph":[{"@type":"WebPage","@id":"https:\/\/osc-luenen.net\/?page_id=121","url":"https:\/\/osc-luenen.net\/?page_id=121","name":"matthias - OSC- luenen","isPartOf":{"@id":"https:\/\/osc-luenen.net\/#website"},"datePublished":"2018-09-17T20:09:53+00:00","dateModified":"2018-10-10T18:34:05+00:00","breadcrumb":{"@id":"https:\/\/osc-luenen.net\/?page_id=121#breadcrumb"},"inLanguage":"de","potentialAction":[{"@type":"ReadAction","target":["https:\/\/osc-luenen.net\/?page_id=121"]}]},{"@type":"BreadcrumbList","@id":"https:\/\/osc-luenen.net\/?page_id=121#breadcrumb","itemListElement":[{"@type":"ListItem","position":1,"name":"Startseite","item":"https:\/\/osc-luenen.net\/"},{"@type":"ListItem","position":2,"name":"matthias"}]},{"@type":"WebSite","@id":"https:\/\/osc-luenen.net\/#website","url":"https:\/\/osc-luenen.net\/","name":"OSC- luenen","description":"Opel- Sport- Club L\u00fcnen e. V.","publisher":{"@id":"https:\/\/osc-luenen.net\/#organization"},"potentialAction":[{"@type":"SearchAction","target":{"@type":"EntryPoint","urlTemplate":"https:\/\/osc-luenen.net\/?s={search_term_string}"},"query-input":"required name=search_term_string"}],"inLanguage":"de"},{"@type":"Organization","@id":"https:\/\/osc-luenen.net\/#organization","name":"OSC- luenen","url":"https:\/\/osc-luenen.net\/","logo":{"@type":"ImageObject","inLanguage":"de","@id":"https:\/\/osc-luenen.net\/#\/schema\/logo\/image\/","url":"https:\/\/osc-luenen.net\/wp-content\/uploads\/2019\/01\/cropped-kolben.png","contentUrl":"https:\/\/osc-luenen.net\/wp-content\/uploads\/2019\/01\/cropped-kolben.png","width":148,"height":250,"caption":"OSC- luenen"},"image":{"@id":"https:\/\/osc-luenen.net\/#\/schema\/logo\/image\/"}}]}},"_links":{"self":[{"href":"https:\/\/osc-luenen.net\/index.php?rest_route=\/wp\/v2\/pages\/121","targetHints":{"allow":["GET"]}}],"collection":[{"href":"https:\/\/osc-luenen.net\/index.php?rest_route=\/wp\/v2\/pages"}],"about":[{"href":"https:\/\/osc-luenen.net\/index.php?rest_route=\/wp\/v2\/types\/page"}],"author":[{"embeddable":true,"href":"https:\/\/osc-luenen.net\/index.php?rest_route=\/wp\/v2\/users\/1"}],"replies":[{"embeddable":true,"href":"https:\/\/osc-luenen.net\/index.php?rest_route=%2Fwp%2Fv2%2Fcomments&post=121"}],"version-history":[{"count":4,"href":"https:\/\/osc-luenen.net\/index.php?rest_route=\/wp\/v2\/pages\/121\/revisions"}],"predecessor-version":[{"id":1597,"href":"https:\/\/osc-luenen.net\/index.php?rest_route=\/wp\/v2\/pages\/121\/revisions\/1597"}],"wp:attachment":[{"href":"https:\/\/osc-luenen.net\/index.php?rest_route=%2Fwp%2Fv2%2Fmedia&parent=121"}],"curies":[{"name":"wp","href":"https:\/\/api.w.org\/{rel}","templated":true}]}}